{"version":"1.0","provider_name":"kulissza.cafeblog.hu","provider_url":"https:\/\/kulissza.cafeblog.hu","author_name":"kulissza","author_url":"https:\/\/kulissza.cafeblog.hu\/author\/kulissza\/","title":"ExperiDance a Balatoni Ny\u00e1r \u00e9l\u0151 ad\u00e1s\u00e1ban!","html":"<p>A Gy\u00f6ngyhaj\u00fa L\u00e1ny Ballad\u00e1j\u00e1b\u00f3l mutattunk be r\u00e9szletet \u00e9s mes\u00e9lt\u00fcnk is r\u00f3la a Balatoni Ny\u00e1r \u00e9l\u0151 ad\u00e1s\u00e1ban. Az ExperiDance duett 1 \u00f3ra 40 percn\u00e9l kezd\u0151dik.<\/p>\r\n<p><a href=\"http:\/\/www.mediaklikk.hu\/video\/balatoni-nyar-2016-07-13-i-adas\/\">http:\/\/www.mediaklikk.hu\/video\/balatoni-nyar-2016-07-13-i-adas\/<\/a><\/p>\r\n<p><a href=\"https:\/\/kulissza.cafeblog.hu\/files\/2016\/07\/Screenshot-2016-07-21-15.03.50.png\"><img class=\"alignnone size-large wp-image-1129\" src=\"https:\/\/kulissza.cafeblog.hu\/files\/2016\/07\/Screenshot-2016-07-21-15.03.50-600x337.png\" alt=\"Screenshot 2016-07-21 15.03.50\" width=\"600\" height=\"337\" \/><\/a><\/p>","type":"rich","thumbnail_url":"https:\/\/kulissza.cafeblog.hu\/files\/2016\/07\/Screenshot-2016-07-21-15.03.50-150x150.png","thumbnail_width":150,"thumbnail_height":150}

ExperiDance a Balatoni Nyár élő adásában!

<p>A Gyöngyhajú Lány Balladájából mutattunk be részletet és meséltünk is róla a Balatoni Nyár élő adásában. Az ExperiDance duett 1 óra 40 percnél kezdődik.</p>
<p><a href="http://www.mediaklikk.hu/video/balatoni-nyar-2016-07-13-i-adas/">http://www.mediaklikk.hu/video/balatoni-nyar-2016-07-13-i-adas/</a></p>
<p><a href="https://kulissza.cafeblog.hu/files/2016/07/Screenshot-2016-07-21-15.03.50.png"><img class="alignnone size-large wp-image-1129" src="https://kulissza.cafeblog.hu/files/2016/07/Screenshot-2016-07-21-15.03.50-600x337.png" alt="Screenshot 2016-07-21 15.03.50" width="600" height="337" /></a></p>
