{"version":"1.0","provider_name":"kulissza.cafeblog.hu","provider_url":"https:\/\/kulissza.cafeblog.hu","author_name":"kulissza","author_url":"https:\/\/kulissza.cafeblog.hu\/author\/kulissza\/","title":"Mil\u00e1n\u00f3i \u00e9lm\u00e9nyek","html":"<p><strong>Kalandos volt az ExperiDance fell\u00e9p\u00e9se a Mil\u00e1n\u00f3i Exp\u00f3n. Nemzetk\u00f6zi turn\u00e9menedzser\u00fcnk, Batta Bog\u00e1ta besz\u00e1mol\u00f3ja.<\/strong><\/p>\r\n<p style=\"text-align: justify\">\u201e\u00c9jf\u00e9lkor indultunk a turn\u00e9busszal a RaM Colosseumb\u00f3l, hogy 12 \u00f3ra utaz\u00e1s ut\u00e1n meg\u00e9rkezz\u00fcnk Mil\u00e1n\u00f3ba. A j\u00f3l ismert olasz \u00e9let\u00e9rz\u00e9s fogadott minket: mindenhol siet\u0151 \u00e9s hangosan magyar\u00e1z\u00f3 emberek abban a kreat\u00edv k\u00e1oszban, amely pont annyira rendetlen, hogy m\u00e9g \u00e9ppen ne omoljon \u00f6ssze. :) Nekem ez nagyon hi\u00e1nyzott, mert \u00f6szt\u00f6nd\u00edjjal egy fantasztikus id\u0151szakot t\u00f6lt\u00f6ttem Olaszorsz\u00e1gban, m\u00e9g az egyetem alatt.<\/p>\r\n<p>Az els\u0151 kih\u00edv\u00e1s az volt, hogy megtal\u00e1ljuk a teherport\u00e1t, ahol leadhattuk az ExperiDance berendez\u00e9seket. Az Expo ter\u00fclet\u00e9re ugyanis csak \u00e9s kiz\u00e1r\u00f3lag a hivatalos sz\u00e1ll\u00edtm\u00e1nyoz\u00f3 vihet be rakom\u00e1nyt, miut\u00e1n minden csomagot teljesen \u00e1tvizsg\u00e1ltak, \u00e1tvil\u00e1g\u00edtottak. Ennek megfelel\u0151en szem\u00e9lyek is csak extra biztons\u00e1gi ellen\u0151rz\u00e9s ut\u00e1n l\u00e9phetnek be az expo ter\u00fclet\u00e9re, a f\u00e9nyk\u00e9peinket is el\u0151re leadtuk az arcfelismer\u0151 rendszer sz\u00e1m\u00e1ra.<\/p>\r\n<p>De amikor v\u00e9gre bejutottunk, igazi csodavil\u00e1gba ker\u00fclt\u00fcnk. A pavilonok k\u00f6z\u00f6tt s\u00e9t\u00e1lva t\u00e9nyleg olyan \u00e9rz\u00e9s, mintha percek alatt utazn\u00e1nk egyik orsz\u00e1gb\u00f3l a m\u00e1sikba. M\u00e9g \u00fatlevelet is kaptunk, amelybe minden l\u00e1togat\u00e1skor megkaptuk az adott orsz\u00e1g pecs\u00e9tj\u00e9t eml\u00e9kbe. Pik\u00e1ns \u00e9rdekess\u00e9g, hogy a Vatik\u00e1n \u00e9s Hollandia pavilonja egym\u00e1s mellett tal\u00e1lhat\u00f3\u2026 A magyar pavilon f\u0151k\u00e9n a v\u00edzr\u0151l \u00e9s a v\u00edzgazd\u00e1lkod\u00e1sr\u00f3l sz\u00f3l, ezt egy ismeretterjeszt\u0151 ki\u00e1ll\u00edt\u00e1s mutatja be a bej\u00e1rat k\u00f6zel\u00e9ben, beljebb l\u00e9pve pedig kipr\u00f3b\u00e1lhat\u00f3 a h\u00edres magyar csodazongora. (<a href=\"https:\/\/soundcloud.com\/jozefa-cseng-dy\/debussy-suite-bergamasque-menuet\">Itt lehet meghallgatni, hogy sz\u00f3l.<\/a>) A teljes expo t\u00e9m\u00e1ja egy\u00e9bk\u00e9nt az \u00e9lelemtermel\u00e9s \u00e9s \u00e9lelmez\u00e9s kih\u00edv\u00e1sai, \u00edgy Magyarorsz\u00e1g gazdag v\u00edzk\u00e9szlet\u00e9re sokan k\u00edv\u00e1ncsiak.<\/p>\r\n<p>Egy magyaros \u00e9tterem is helyet kapott az emeleten, mondanom sem kell, hogy a libam\u00e1j, a kiv\u00e1l\u00f3 min\u0151s\u00e9g\u0171 kolb\u00e1sz, \u00e9s a soml\u00f3i galuska nagyon n\u00e9pszer\u0171, de a fr\u00f6ccs is benne van a TOP 10-ben.<\/p>\r\n<p>A f\u0151attrakci\u00f3 j\u00falius 15. \u00e9s 17. k\u00f6z\u00f6tt term\u00e9szetesen az ExperiDance volt. A n\u00e9z\u0151k\u00f6z\u00f6ns\u00e9g\u00fcnk a pavilon j\u00f6v\u0151-men\u0151 l\u00e1togat\u00f3ib\u00f3l \u00e1llt \u00f6ssze, akik amint megl\u00e1tt\u00e1k az els\u0151 mozdulatokat, t\u00e1tott sz\u00e1jjal, lec\u00f6vekelve n\u00e9zt\u00e9k v\u00e9gig a m\u0171sort. T\u00e1ncosaink t\u00f6k\u00e9letesen, fegyelmezetten t\u00e1ncolt\u00e1k v\u00e9gig a napi n\u00e9gy fell\u00e9p\u00e9st, annak ellen\u00e9re, hogy 40 fok \u00e9s \u00e1ramsz\u00fcnet nehez\u00edtette a dolgukat. Nem besz\u00e9lve a sz\u00fanyogokr\u00f3l, akik az\u00e9rt t\u00e1madtak, mert az expo egy lecsapolt l\u00e1pvid\u00e9kre \u00e9p\u00fclt, \u00fagyhogy a kis v\u00e9rsz\u00edv\u00f3k vissza akart\u00e1k foglalni a ter\u00fclet\u00fcket :)<\/p>\r\n<p>A viszontags\u00e1gok \u00e9s az intenz\u00edv munka ellen\u00e9re \u00f3ri\u00e1si \u00e9lm\u00e9ny volt \u00e9s biztos vagyok benne, hogy nem csak nek\u00fcnk, de nemzetk\u00f6zi n\u00e9z\u0151inknek is.\"<\/p>\r\n<p>[gallery size=\"medium\" columns=\"2\" ids=\"552,553,554,555,556,557,558,559,548,549,550,551,560,561,535,536,537,538,539,540,541,542,543,544,545,546,547,562,563,564\"]<\/p>","type":"rich","thumbnail_url":"https:\/\/kulissza.cafeblog.hu\/files\/2015\/07\/milano-1-150x150.jpg","thumbnail_width":150,"thumbnail_height":150}

Milánói élmények

<p><strong>Kalandos volt az ExperiDance fellépése a Milánói Expón. Nemzetközi turnémenedzserünk, Batta Bogáta beszámolója.</strong></p>
<p style="text-align: justify">„Éjfélkor indultunk a turnébusszal a RaM Colosseumból, hogy 12 óra utazás után megérkezzünk Milánóba. A jól ismert olasz életérzés fogadott minket: mindenhol siető és hangosan magyarázó emberek abban a kreatív káoszban, amely pont annyira rendetlen, hogy még éppen ne omoljon össze. :) Nekem ez nagyon hiányzott, mert ösztöndíjjal egy fantasztikus időszakot töltöttem Olaszországban, még az egyetem alatt.</p>
<p>Az első kihívás az volt, hogy megtaláljuk a teherportát, ahol leadhattuk az ExperiDance berendezéseket. Az Expo területére ugyanis csak és kizárólag a hivatalos szállítmányozó vihet be rakományt, miután minden csomagot teljesen átvizsgáltak, átvilágítottak. Ennek megfelelően személyek is csak extra biztonsági ellenőrzés után léphetnek be az expo területére, a fényképeinket is előre leadtuk az arcfelismerő rendszer számára.</p>
<p>De amikor végre bejutottunk, igazi csodavilágba kerültünk. A pavilonok között sétálva tényleg olyan érzés, mintha percek alatt utaznánk egyik országból a másikba. Még útlevelet is kaptunk, amelybe minden látogatáskor megkaptuk az adott ország pecsétjét emlékbe. Pikáns érdekesség, hogy a Vatikán és Hollandia pavilonja egymás mellett található… A magyar pavilon főkén a vízről és a vízgazdálkodásról szól, ezt egy ismeretterjesztő kiállítás mutatja be a bejárat közelében, beljebb lépve pedig kipróbálható a híres magyar csodazongora. (<a href="https://soundcloud.com/jozefa-cseng-dy/debussy-suite-bergamasque-menuet">Itt lehet meghallgatni, hogy szól.</a>) A teljes expo témája egyébként az élelemtermelés és élelmezés kihívásai, így Magyarország gazdag vízkészletére sokan kíváncsiak.</p>
<p>Egy magyaros étterem is helyet kapott az emeleten, mondanom sem kell, hogy a libamáj, a kiváló minőségű kolbász, és a somlói galuska nagyon népszerű, de a fröccs is benne van a TOP 10-ben.</p>
<p>A főattrakció július 15. és 17. között természetesen az ExperiDance volt. A nézőközönségünk a pavilon jövő-menő látogatóiból állt össze, akik amint meglátták az első mozdulatokat, tátott szájjal, lecövekelve nézték végig a műsort. Táncosaink tökéletesen, fegyelmezetten táncolták végig a napi négy fellépést, annak ellenére, hogy 40 fok és áramszünet nehezítette a dolgukat. Nem beszélve a szúnyogokról, akik azért támadtak, mert az expo egy lecsapolt lápvidékre épült, úgyhogy a kis vérszívók vissza akarták foglalni a területüket :)</p>
<p>A viszontagságok és az intenzív munka ellenére óriási élmény volt és biztos vagyok benne, hogy nem csak nekünk, de nemzetközi nézőinknek is."</p>
<p>[gallery size="medium" columns="2" ids="552,553,554,555,556,557,558,559,548,549,550,551,560,561,535,536,537,538,539,540,541,542,543,544,545,546,547,562,563,564"]</p>
