{"version":"1.0","provider_name":"kulissza.cafeblog.hu","provider_url":"https:\/\/kulissza.cafeblog.hu","author_name":"kulissza","author_url":"https:\/\/kulissza.cafeblog.hu\/author\/kulissza\/","title":"Nyugati sz\u00e9l","html":"<p style=\"text-align: justify\">Amikor egy h\u00f3lepte t\u00e9li t\u00e1jon v\u00e9gign\u00e9z az ember, a feh\u00e9ren vak\u00edt\u00f3 messzes\u00e9g var\u00e1zslatba ejti, azt\u00e1n a term\u00e9szet rendje, ha \u00fagy k\u00edv\u00e1nja mindez olyan gyorsan elillan, hogy \u00e9szre sem vessz\u00fck \u00e9s hely\u00e9be m\u00e1ris ott a meg\u00fajul\u00e1s, egy \u00faj \u201e\u00e9let\u201d kezdete. Az elm\u00falt \u00e9v esem\u00e9nyeit eml\u00e9keink csod\u00e1s h\u00f3feh\u00e9r, aranyba hajl\u00f3 mesebeli takar\u00f3val fedi, amelyre mindig j\u00f3 vissza eml\u00e9kezni! L\u00e1tva sikereinket, \u00e9rezve a k\u00f6z\u00f6ns\u00e9g szeretet\u00e9t, id\u00e9n is az olvad\u00e1s el\u0151tti csendben v\u00e1rjuk a friss, pezsd\u00edt\u0151 tavasz els\u0151 szeleit\u2026<\/p>\r\n<p style=\"text-align: justify\">A k\u00f6lt\u0151i sorokt\u00f3l elrugaszkodva, t\u00e9nyleg azt kell, hogy mondjam a 2015-\u00f6s \u00e9v a \u201ecsod\u00e1k \u00e9ve\u201d az ExperiDance \u00e9let\u00e9ben. Hogy mi\u00e9rt? Els\u0151k\u00e9nt, mert jubileumi \u00e9v, hiszen 2000 okt\u00f3ber 9.-\u00e9n valahol Szolnokon egy fess, dali\u00e1s fiatalember \u00fagy gondolta, hogy t\u00e1rsaival egy\u00fctt valami \u00fajat, valami szokatlant alkot, valami m\u00e1st \u00e9s l\u00e1m 15 \u00e9vvel k\u00e9s\u0151bb a k\u00eds\u00e9rlet (innen a n\u00e9v: Experiment-ExperiDance), j\u00f3l siker\u00fclt. M\u00e1sodsorban, csoda az\u00e9rt, mert el\u0151tt\u00fcnk m\u00e1r most olyan ajt\u00f3k ny\u00edlnak meg, amely t\u00e1rsulatunk sz\u00e1m\u00e1ra egyed\u00fcl\u00e1ll\u00f3 lehet\u0151s\u00e9geket hordoz. Ak\u00e1r csak a sz\u00e9l, amely egy magot felkap, majd tov\u00e1bb rep\u00edt, orsz\u00e1ghat\u00e1rokat \u00e1tl\u00e9pve azt\u00e1n v\u00e9g\u00fcl egy term\u00e9keny talajba ejti.<\/p>\r\n<p style=\"text-align: justify\">15 \u00e9v nagy id\u0151, nem k\u00e9rd\u00e9s, hogy van mib\u0151l mer\u00edteni, ha \u00e9rt\u00e9kteremt\u00e9sr\u0151l van sz\u00f3. Kezdem azzal, hogy t\u00e1rsulatunk anno \u00e9s most is igen n\u00e9pszer\u0171 mind a hazai mind pedig a k\u00fclf\u00f6ldi n\u00e9z\u0151k k\u00f6r\u00e9ben. \u00daj\u00edt\u00f3 sz\u00e1nd\u00e9kunk meglep\u0151 volt, egyedi, ez\u00e9rt senki nem tudta m\u00e1s m\u0171fajjal \u00f6sszehasonl\u00edtani. A t\u00e1ncosokkal nem is olyan r\u00e9gen pont err\u0151l besz\u00e9lgettem, hogy mit is jelent sz\u00e1mukra ExperiDance-snek lenni. Elmondt\u00e1k, hogy az alap\u00edt\u00f3 tagok nagy r\u00e9sze val\u00f3di kih\u00edv\u00e1snak \u00e9lte meg, amikor a n\u00e9pt\u00e1nc csizm\u00e1t a csillog\u00f3 amerikai show biznisz karaktercip\u0151j\u00e9re a vasalt talp\u00fa \u201ehangos\u201d l\u00e1bbelire cser\u00e9lt\u00e9k. Sok m\u0171fajban otthon lenni mesteri tud\u00e1st ig\u00e9nyel, az biztos, \u00e9ppen ez\u00e9rt ha a kulissza m\u00e9ly\u00e9re n\u00e9z\u00fcnk, kider\u00fcl, hogy n\u00e1lunk sz\u00edn\u00e9sz, akrobata, t\u00e1ncos \u00e9s boh\u00f3c is van, a sz\u00f3 legnemesebb \u00e9rtelm\u00e9ben.<\/p>\r\n<p style=\"text-align: justify\">Persze, hogy kit mi fog meg mindebben, egy\u00e9ni \u00edzl\u00e9s k\u00e9rd\u00e9se, de tudni azt, hogy van egy magyar t\u00e1rsulat, ahol mindez megvan, azt \u00fagy h\u00edvj\u00e1k, hogy KINCS. Nyissuk ki most k\u00f6z\u00f6sen ezt a k\u00e9pzeletbeli l\u00e1d\u00e1t \u00e9s ismerj\u00fck meg \u201egy\u00f6ngyszemeit\u201d.<\/p>\r\n<p style=\"text-align: justify\">Rom\u00e1n S\u00e1ndor, az alkot\u00f3: 10 \u00e9ves kor\u00e1ban l\u00e9pett el\u0151sz\u00f6r sz\u00ednpadra, els\u0151 fell\u00e9p\u00e9seinek egyike Kub\u00e1ban volt, Fidel Castro megh\u00edv\u00e1s\u00e1ra, ahol a cig\u00e1ndi t\u00e1ncegy\u00fcttes t\u00e1ncosak\u00e9nt k\u00e9pviselte a magyar kult\u00far\u00e1t. \u00c9letrajza olyan sz\u00ednes, mint t\u00e1rsulata, hiszen Magyarorsz\u00e1g, Erd\u00e9ly, USA, Kanada \u00e9s a vil\u00e1g sz\u00e1mos nagyv\u00e1rosa ker\u00fclt m\u00e1r fel a szakmai list\u00e1j\u00e1ra. Rendez\u0151, koreogr\u00e1fus, igazi m\u0171v\u00e9sz ember. N\u00e9pt\u00e1ncot, balettot \u00e9s modern t\u00e1ncokat is tanult, sz\u00e1mos nagy n\u00e9vvel dolgozott m\u00e1r egy\u00fctt a sz\u00ednh\u00e1z \u00e9s a film ter\u00fclet\u00e9n. Gazdag karrierje sor\u00e1n el\u0151dleges c\u00e9lja, a magyar n\u00e9pt\u00e1nc kult\u00fara forradalmas\u00edt\u00e1sa! \u0150 a mi v\u00e9djegy\u00fcnk.<\/p>\r\n<p style=\"text-align: justify\">T\u00e1rsulat: tagjai elismert, hivat\u00e1sos t\u00e1ncosok, magasan k\u00e9pzett szakmai tud\u00e1ssal rendelkez\u0151, szenved\u00e9lyes fiatalok. Olyan egys\u00e9get alkotnak a vil\u00e1gon mindenhol, hogy nem csak az \u00e1ll\u00f3 vastaps, hanem a rajong\u00f3i t\u00e1bor is m\u00e9lt\u00e1n f\u00e9mjelzi sikereiket. \u00c1ldozatos munk\u00e1juk r\u00e9v\u00e9n k\u00e9pviselik a m\u00faltat, a jelent \u00e9s a j\u00f6v\u0151t, hiszen a kult\u00fara nagyk\u00f6veteik\u00e9nt, \u0151k a mi \u00e9rt\u00e9kteremt\u0151ink.<\/p>\r\n<p style=\"text-align: justify\">Mit rejt m\u00e9g a kincsesl\u00e1da?<\/p>\r\n<p style=\"text-align: justify\">Mindenhez, ami j\u00f3l m\u0171k\u00f6dik, kell egy kulcs. N\u00e1lunk ez is megvan, ami beind\u00edtja a motort \u00e9s \u00e1lland\u00f3an m\u0171k\u00f6dteti.<\/p>\r\n<p style=\"text-align: justify\">A producer, Vona Tibor: a t\u00e1rs, sikeres \u00fczletember, aki felismerte a modern magyar t\u00e1nckult\u00far\u00e1ban az \u00f3ri\u00e1si lehet\u0151s\u00e9get. \u0150 ma az ExperiDance \u00fcgyvezet\u0151 igazgat\u00f3ja. Mesterien \u00e9rt a \u201ecsomagol\u00e1shoz\u201d, a kivitelez\u00e9shez \u00e9s elad\u00e1shoz. \u0150 a mi \u00e9rt\u00e9kment\u0151nk.<\/p>\r\n<p style=\"text-align: justify\">Sorolhatn\u00e1m m\u00e9g tov\u00e1bb a l\u00e1da, hossz\u00fa \u00e9vek alatt gy\u0171jt\u00f6tt megbecs\u00fclt darabjait, de ha a legm\u00e9ly\u00e9re n\u00e9z\u00fcnk tal\u00e1lunk ott egy t\u00fckr\u00f6t, amelyben a j\u00f6v\u0151t l\u00e1tva biztosan \u00e1ll\u00edthatjuk, hogy \u00a0a kulcs \u0151rz\u0151je m\u00e9g ha fel is \u00fcl a nyugati sz\u00e9l \u201eh\u00e1t\u00e1ra\u201d, biztosan hazat\u00e9r onnan, hogy azt\u00e1n orsz\u00e1gunk talaj\u00e1ban, az \u00faj magot elvetve \u201e\u00e9letet adjon\u201d az \u00fajabb el\u0151ad\u00e1sok siker\u00e9nek.<\/p>\r\n<p style=\"text-align: justify\"><br \/><a href=\"https:\/\/kulissza.cafeblog.hu\/files\/2015\/02\/20130830006.jpg\"><img class=\"  wp-image-275 aligncenter\" src=\"https:\/\/kulissza.cafeblog.hu\/files\/2015\/02\/20130830006-200x300.jpg\" alt=\"20130830006\" width=\"215\" height=\"323\" \/><\/a><\/p>\r\n<p style=\"text-align: justify\"><a href=\"https:\/\/kulissza.cafeblog.hu\/files\/2015\/02\/Vona_Tibor.jpg\"><img class=\"  wp-image-278 aligncenter\" src=\"https:\/\/kulissza.cafeblog.hu\/files\/2015\/02\/Vona_Tibor-234x300.jpg\" alt=\"Vona_Tibor\" width=\"216\" height=\"277\" \/><\/a><\/p>\r\n<p style=\"text-align: justify\"><a href=\"https:\/\/kulissza.cafeblog.hu\/files\/2015\/02\/csapatfoto.jpg\"><img class=\" size-medium wp-image-277 aligncenter\" src=\"https:\/\/kulissza.cafeblog.hu\/files\/2015\/02\/csapatfoto-300x300.jpg\" alt=\"csapatfoto\" width=\"300\" height=\"300\" \/><\/a><\/p>","type":"rich"}

Nyugati szél

<p style="text-align: justify">Amikor egy hólepte téli tájon végignéz az ember, a fehéren vakító messzeség varázslatba ejti, aztán a természet rendje, ha úgy kívánja mindez olyan gyorsan elillan, hogy észre sem vesszük és helyébe máris ott a megújulás, egy új „élet” kezdete. Az elmúlt év eseményeit emlékeink csodás hófehér, aranyba hajló mesebeli takaróval fedi, amelyre mindig jó vissza emlékezni! Látva sikereinket, érezve a közönség szeretetét, idén is az olvadás előtti csendben várjuk a friss, pezsdítő tavasz első szeleit…</p>
<p style="text-align: justify">A költői soroktól elrugaszkodva, tényleg azt kell, hogy mondjam a 2015-ös év a „csodák éve” az ExperiDance életében. Hogy miért? Elsőként, mert jubileumi év, hiszen 2000 október 9.-én valahol Szolnokon egy fess, daliás fiatalember úgy gondolta, hogy társaival együtt valami újat, valami szokatlant alkot, valami mást és lám 15 évvel később a kísérlet (innen a név: Experiment-ExperiDance), jól sikerült. Másodsorban, csoda azért, mert előttünk már most olyan ajtók nyílnak meg, amely társulatunk számára egyedülálló lehetőségeket hordoz. Akár csak a szél, amely egy magot felkap, majd tovább repít, országhatárokat átlépve aztán végül egy termékeny talajba ejti.</p>
<p style="text-align: justify">15 év nagy idő, nem kérdés, hogy van miből meríteni, ha értékteremtésről van szó. Kezdem azzal, hogy társulatunk anno és most is igen népszerű mind a hazai mind pedig a külföldi nézők körében. Újító szándékunk meglepő volt, egyedi, ezért senki nem tudta más műfajjal összehasonlítani. A táncosokkal nem is olyan régen pont erről beszélgettem, hogy mit is jelent számukra ExperiDance-snek lenni. Elmondták, hogy az alapító tagok nagy része valódi kihívásnak élte meg, amikor a néptánc csizmát a csillogó amerikai show biznisz karaktercipőjére a vasalt talpú „hangos” lábbelire cserélték. Sok műfajban otthon lenni mesteri tudást igényel, az biztos, éppen ezért ha a kulissza mélyére nézünk, kiderül, hogy nálunk színész, akrobata, táncos és bohóc is van, a szó legnemesebb értelmében.</p>
<p style="text-align: justify">Persze, hogy kit mi fog meg mindebben, egyéni ízlés kérdése, de tudni azt, hogy van egy magyar társulat, ahol mindez megvan, azt úgy hívják, hogy KINCS. Nyissuk ki most közösen ezt a képzeletbeli ládát és ismerjük meg „gyöngyszemeit”.</p>
<p style="text-align: justify">Román Sándor, az alkotó: 10 éves korában lépett először színpadra, első fellépéseinek egyike Kubában volt, Fidel Castro meghívására, ahol a cigándi táncegyüttes táncosaként képviselte a magyar kultúrát. Életrajza olyan színes, mint társulata, hiszen Magyarország, Erdély, USA, Kanada és a világ számos nagyvárosa került már fel a szakmai listájára. Rendező, koreográfus, igazi művész ember. Néptáncot, balettot és modern táncokat is tanult, számos nagy névvel dolgozott már együtt a színház és a film területén. Gazdag karrierje során elődleges célja, a magyar néptánc kultúra forradalmasítása! Ő a mi védjegyünk.</p>
<p style="text-align: justify">Társulat: tagjai elismert, hivatásos táncosok, magasan képzett szakmai tudással rendelkező, szenvedélyes fiatalok. Olyan egységet alkotnak a világon mindenhol, hogy nem csak az álló vastaps, hanem a rajongói tábor is méltán fémjelzi sikereiket. Áldozatos munkájuk révén képviselik a múltat, a jelent és a jövőt, hiszen a kultúra nagyköveteiként, ők a mi értékteremtőink.</p>
<p style="text-align: justify">Mit rejt még a kincsesláda?</p>
<p style="text-align: justify">Mindenhez, ami jól működik, kell egy kulcs. Nálunk ez is megvan, ami beindítja a motort és állandóan működteti.</p>
<p style="text-align: justify">A producer, Vona Tibor: a társ, sikeres üzletember, aki felismerte a modern magyar tánckultúrában az óriási lehetőséget. Ő ma az ExperiDance ügyvezető igazgatója. Mesterien ért a „csomagoláshoz”, a kivitelezéshez és eladáshoz. Ő a mi értékmentőnk.</p>
<p style="text-align: justify">Sorolhatnám még tovább a láda, hosszú évek alatt gyűjtött megbecsült darabjait, de ha a legmélyére nézünk találunk ott egy tükröt, amelyben a jövőt látva biztosan állíthatjuk, hogy  a kulcs őrzője még ha fel is ül a nyugati szél „hátára”, biztosan hazatér onnan, hogy aztán országunk talajában, az új magot elvetve „életet adjon” az újabb előadások sikerének.</p>
<p style="text-align: justify"><br /><a href="https://kulissza.cafeblog.hu/files/2015/02/20130830006.jpg"><img class="  wp-image-275 aligncenter" src="https://kulissza.cafeblog.hu/files/2015/02/20130830006-200x300.jpg" alt="20130830006" width="215" height="323" /></a></p>
<p style="text-align: justify"><a href="https://kulissza.cafeblog.hu/files/2015/02/Vona_Tibor.jpg"><img class="  wp-image-278 aligncenter" src="https://kulissza.cafeblog.hu/files/2015/02/Vona_Tibor-234x300.jpg" alt="Vona_Tibor" width="216" height="277" /></a></p>
<p style="text-align: justify"><a href="https://kulissza.cafeblog.hu/files/2015/02/csapatfoto.jpg"><img class=" size-medium wp-image-277 aligncenter" src="https://kulissza.cafeblog.hu/files/2015/02/csapatfoto-300x300.jpg" alt="csapatfoto" width="300" height="300" /></a></p>
