{"version":"1.0","provider_name":"kulissza.cafeblog.hu","provider_url":"https:\/\/kulissza.cafeblog.hu","author_name":"kulissza","author_url":"https:\/\/kulissza.cafeblog.hu\/author\/kulissza\/","title":"Kolozsv\u00e1ri 1001 \u00e9j","html":"<p style=\"text-align: justify\">Lista\u00edr\u00e1s. Pakol\u00e1s. Minden meg van? Id\u0151j\u00e1r\u00e1s csekkol\u00e1s, mehet\u00fcnk. Szombat f\u00e9l egy. Gy\u00fclekez\u0151 a RaM-n\u00e1l. A turn\u00e9 menedzser a helysz\u00ednen, \u00e9rkeznek a t\u00e1ncosok, a kell\u00e9kt\u00e1r bepakolva, a st\u00e1b a fed\u00e9lzeten, a sof\u0151r a hely\u00e9n, indulhatunk! Vagy m\u00e9gsem? \u201dNincs el\u00e9g hely!\u201d- hallatszik a t\u00e1volb\u00f3l a k\u00e9ts\u00e9gbeesett ki\u00e1lt\u00e1s. Az ig\u00e9ny jogos, az t\u00f6rt\u00e9nt ugyanis, hogy nem a k\u00e9rt busz \u00e9rkezett a helysz\u00ednre, hanem egy j\u00f3val kisebb. \u00cdgy a hihetetlen\u00fcl prec\u00edz beoszt\u00e1sunk egy pillanat alatt borult. K\u00e9t \u00f3ra plusz. Buszcsere a telephelyen, \u00e1tpakol\u00e1s, helyfoglal\u00e1s, forgalmi dug\u00f3. Lek\u00fczdve az elemeket, a g\u00e1zped\u00e1lra l\u00e9pve, a kaland kezdet\u00e9t vette!<\/p>\r\n<p style=\"text-align: justify\">T\u00e1nckarunk id\u00e9n ny\u00e1ron szinte az eg\u00e9sz orsz\u00e1got bej\u00e1rta, voltunk nagyv\u00e1rosban \u00e9s kis telep\u00fcl\u00e9sen, Dun\u00e1n innen \u00e9s Dun\u00e1n t\u00fal, mondhatni, a kult\u00fara utaz\u00f3nagyk\u00f6veteik\u00e9nt sz\u00e1mos helyen megfordultunk a h\u00e1rom h\u00f3nap alatt. Most azonban m\u00e9g nagyobb \u00fatra v\u00e1llalkoztunk! GPS-\u00fcnk \u00faj \u00fati c\u00e9lja: M\u00e1ty\u00e1s kir\u00e1ly \u00e9s Pet\u0151fi egykori lakhelye, Kolozsv\u00e1r!<\/p>\r\n<p style=\"text-align: justify\">Sz\u00e9p v\u00e1ros Kolozsv\u00e1r, ott lakom a Szamosn\u00e1l\u2026 d\u00fadolta a csapat a buszv\u00e9g\u00e9b\u0151l, amikor 12 \u00f3ra utaz\u00e1st k\u00f6vet\u0151en \u00e9jjel meg\u00e9rkezt\u00fcnk. Majd megl\u00e1ttuk a f\u0151 t\u00e9ren M\u00e1ty\u00e1sunk holdf\u00e9nyben \u00fasz\u00f3 hatalmas szobr\u00e1t \u00e9s tudtuk, hogy m\u00e1snap ebb\u0151l garant\u00e1ltan facebook selfi lesz! Olyan \u00e9szrev\u00e9tlen\u00fcl telt el ez a f\u00e9l nap a t\u00e1nckarral, mint egy igazi oszt\u00e1lykir\u00e1ndul\u00e1s, ahol az otthonr\u00f3l hozott \u00e9tel-ital mennyis\u00e9g m\u00e1r indul\u00e1skor elfogyott, ahol j\u00e1tszani, k\u00e1rty\u00e1zni \u00e9s aludni is volt id\u0151! Aprop\u00f3 alv\u00e1s\u2026a helysz\u00ednre \u00e9rve, az \u00e9j leple alatt kis csapatunk megsz\u00e1llta a koll\u00e9gium szob\u00e1it, hogy azt\u00e1n p\u00e1r \u00f3ra eltelt\u00e9vel, m\u00e1snap \u00fajult er\u0151vel vethesse bele mag\u00e1t a kolozsv\u00e1ri magyar napok s\u0171r\u0171j\u00e9be!<\/p>\r\n<p style=\"text-align: justify\">24.-e, elj\u00f6tt a nagy nap! Meg kell hagyni, hogy nappali f\u00e9nyben az\u00e9rt eg\u00e9sz m\u00e1s ez a v\u00e1ros! Csod\u00e1s hegyek, mes\u00e9s templomok, \u0151sr\u00e9gi h\u00e1zak \u00e9s csillog\u00f3 palot\u00e1k, luxus \u00e9s szeg\u00e9nys\u00e9g egy helyen. Ennek ellen\u00e9re a hangulat m\u00e1r kor\u00e1n reggel igen friss volt, d\u00e9lel\u0151tt k\u00e9t t\u00e1ncosunkat \u00e9s alap\u00edt\u00f3 tulajdonosunkat a helyi m\u00e9dia kommand\u00f3 v\u00e1rta egy hamis\u00edthatatlan Experis tv-r\u00e1di\u00f3 interj\u00fara.B\u00e1r n\u00e9h\u00e1ny tv riporteri k\u00e9rd\u00e9s az\u00e9rt okozott n\u00e9mi der\u00fclts\u00e9get t\u00e1ncm\u0171v\u00e9szeinknek: \u201eti a darabban \u00e9nekeltek?\u201d-\u00e9s \u201eaz ezeregy \u00e9jszaka mes\u00e9it mi\u00f3ta t\u00e1ncolj\u00e1tok?\u201d -sz\u00e9les mosoly ut\u00e1n persze alanyaink profin kezelt\u00e9k a dolgot!<\/p>\r\n<p style=\"text-align: justify\">A k\u00f6z\u00f6s eb\u00e9d ut\u00e1n kis v\u00e1rosn\u00e9z\u00e9st k\u00f6vet\u0151en mindenki az esti el\u0151ad\u00e1sra k\u00e9sz\u00fclt. Ugyanis, 20.000 ember sz\u00f3rakoztat\u00e1sa, szabadt\u00e9ren nem kis kih\u00edv\u00e1s! A visszasz\u00e1ml\u00e1l\u00e1s elkezd\u0151d\u00f6tt\u2026Beindult a g\u00e9pezet! Pr\u00f3ba, haj, smink, \u00f6lt\u00f6z\u00e9s, bemeleg\u00edt\u00e9s\u2026Egyetlen dolog miatt agg\u00f3dtunk nagyon, hogy a k\u00f6sz\u00f6nt\u0151k ut\u00e1n az es\u0151 az este folyam\u00e1n m\u00e1r ne kapjon szerepet! De \u201eaz \u00e9gi rendez\u0151\u201d nem \u00edgy gondolta. Ahogy felcsend\u00fclt a teremt\u00e9s els\u0151 dallama, leszakadt az \u00e9g! A technikai szem\u00e9lyzet fejvesztve rohant a cs\u00fasz\u00e1sg\u00e1tl\u00f3 sz\u0151nyegek ut\u00e1n, ponyv\u00e1val takart mindent, amit tudott. A t\u00f6meg kitartott! Az els\u0151 felvon\u00e1s ut\u00e1n, let\u00e1ncoltuk a felh\u0151ket az \u00e9gr\u0151l \u00e9s olyan fergeteges sikert arattunk, hogy a szakad\u00f3 es\u0151 ut\u00e1n r\u00e1ad\u00e1sk\u00e9ppen m\u00e9g egy ork\u00e1n erej\u0171 taps cunamit is kaptunk!<\/p>\r\n<p style=\"text-align: justify\">El\u0151ad\u00e1s ut\u00e1n m\u00e9g \u00f3r\u00e1kkal k\u00e9s\u0151bb is ebben a hangulatban voltunk, amit m\u00e9g z\u00e1r\u00e1sk\u00e9ppen egy l\u00e1tv\u00e1nyos t\u0171zij\u00e1t\u00e9k is k\u00eds\u00e9rt! Ott \u00e1llva a sz\u00ednpadon, felemel\u0151 \u00e9rz\u00e9s volt l\u00e1tni \u00e9s hallani, hogy a t\u00f6bb ezres t\u00f6meg egy emberk\u00e9nt \u00e9nekli a sz\u00e9kely himnuszt \u00e9s \u00e1llva \u00e9ljenzi az ExperiDance-t!<\/p>\r\n<p style=\"text-align: justify\">R\u00e1j\u00f6ttem, a sors a legjobb t\u00f6rt\u00e9net\u00edr\u00f3, \u00e9rdemes h\u00e1t kez\u00e9be adni a tollat \u00e9s b\u00edzni a happy endben, na \u00e9s a Pulitzer d\u00edjban!<\/p>\r\n<p style=\"text-align: justify\"><a href=\"https:\/\/kulissza.cafeblog.hu\/files\/2014\/08\/20140824_110447.jpg\"><img class=\"alignnone size-medium wp-image-165\" src=\"https:\/\/kulissza.cafeblog.hu\/files\/2014\/08\/20140824_110447-300x179.jpg\" alt=\"20140824_110447\" width=\"300\" height=\"179\" \/><\/a><a href=\"https:\/\/kulissza.cafeblog.hu\/files\/2014\/08\/20140824_120637.jpg\"><img class=\"alignnone size-medium wp-image-166\" src=\"https:\/\/kulissza.cafeblog.hu\/files\/2014\/08\/20140824_120637-300x179.jpg\" alt=\"20140824_120637\" width=\"300\" height=\"179\" \/><\/a><a href=\"https:\/\/kulissza.cafeblog.hu\/files\/2014\/08\/20140824_122031.jpg\"><img class=\"alignnone size-medium wp-image-167\" src=\"https:\/\/kulissza.cafeblog.hu\/files\/2014\/08\/20140824_122031-300x179.jpg\" alt=\"20140824_122031\" width=\"300\" height=\"179\" \/><\/a><a href=\"https:\/\/kulissza.cafeblog.hu\/files\/2014\/08\/20140824_124218.jpg\"><img class=\"alignnone size-medium wp-image-168\" src=\"https:\/\/kulissza.cafeblog.hu\/files\/2014\/08\/20140824_124218-300x179.jpg\" alt=\"20140824_124218\" width=\"300\" height=\"179\" \/><\/a><a href=\"https:\/\/kulissza.cafeblog.hu\/files\/2014\/08\/20140824_205006.jpg\"><img class=\"alignnone size-medium wp-image-170\" src=\"https:\/\/kulissza.cafeblog.hu\/files\/2014\/08\/20140824_205006-300x179.jpg\" alt=\"20140824_205006\" width=\"300\" height=\"179\" \/><\/a><a href=\"https:\/\/kulissza.cafeblog.hu\/files\/2014\/08\/20140824_213255.jpg\"><img class=\"alignnone size-medium wp-image-171\" src=\"https:\/\/kulissza.cafeblog.hu\/files\/2014\/08\/20140824_213255-300x179.jpg\" alt=\"20140824_213255\" width=\"300\" height=\"179\" \/><\/a><\/p>","type":"rich"}

Kolozsvári 1001 éj

<p style="text-align: justify">Listaírás. Pakolás. Minden meg van? Időjárás csekkolás, mehetünk. Szombat fél egy. Gyülekező a RaM-nál. A turné menedzser a helyszínen, érkeznek a táncosok, a kelléktár bepakolva, a stáb a fedélzeten, a sofőr a helyén, indulhatunk! Vagy mégsem? ”Nincs elég hely!”- hallatszik a távolból a kétségbeesett kiáltás. Az igény jogos, az történt ugyanis, hogy nem a kért busz érkezett a helyszínre, hanem egy jóval kisebb. Így a hihetetlenül precíz beosztásunk egy pillanat alatt borult. Két óra plusz. Buszcsere a telephelyen, átpakolás, helyfoglalás, forgalmi dugó. Leküzdve az elemeket, a gázpedálra lépve, a kaland kezdetét vette!</p>
<p style="text-align: justify">Tánckarunk idén nyáron szinte az egész országot bejárta, voltunk nagyvárosban és kis településen, Dunán innen és Dunán túl, mondhatni, a kultúra utazónagyköveteiként számos helyen megfordultunk a három hónap alatt. Most azonban még nagyobb útra vállalkoztunk! GPS-ünk új úti célja: Mátyás király és Petőfi egykori lakhelye, Kolozsvár!</p>
<p style="text-align: justify">Szép város Kolozsvár, ott lakom a Szamosnál… dúdolta a csapat a buszvégéből, amikor 12 óra utazást követően éjjel megérkeztünk. Majd megláttuk a fő téren Mátyásunk holdfényben úszó hatalmas szobrát és tudtuk, hogy másnap ebből garantáltan facebook selfi lesz! Olyan észrevétlenül telt el ez a fél nap a tánckarral, mint egy igazi osztálykirándulás, ahol az otthonról hozott étel-ital mennyiség már induláskor elfogyott, ahol játszani, kártyázni és aludni is volt idő! Apropó alvás…a helyszínre érve, az éj leple alatt kis csapatunk megszállta a kollégium szobáit, hogy aztán pár óra elteltével, másnap újult erővel vethesse bele magát a kolozsvári magyar napok sűrűjébe!</p>
<p style="text-align: justify">24.-e, eljött a nagy nap! Meg kell hagyni, hogy nappali fényben azért egész más ez a város! Csodás hegyek, mesés templomok, ősrégi házak és csillogó paloták, luxus és szegénység egy helyen. Ennek ellenére a hangulat már korán reggel igen friss volt, délelőtt két táncosunkat és alapító tulajdonosunkat a helyi média kommandó várta egy hamisíthatatlan Experis tv-rádió interjúra.Bár néhány tv riporteri kérdés azért okozott némi derültséget táncművészeinknek: „ti a darabban énekeltek?”-és „az ezeregy éjszaka meséit mióta táncoljátok?” -széles mosoly után persze alanyaink profin kezelték a dolgot!</p>
<p style="text-align: justify">A közös ebéd után kis városnézést követően mindenki az esti előadásra készült. Ugyanis, 20.000 ember szórakoztatása, szabadtéren nem kis kihívás! A visszaszámlálás elkezdődött…Beindult a gépezet! Próba, haj, smink, öltözés, bemelegítés…Egyetlen dolog miatt aggódtunk nagyon, hogy a köszöntők után az eső az este folyamán már ne kapjon szerepet! De „az égi rendező” nem így gondolta. Ahogy felcsendült a teremtés első dallama, leszakadt az ég! A technikai személyzet fejvesztve rohant a csúszásgátló szőnyegek után, ponyvával takart mindent, amit tudott. A tömeg kitartott! Az első felvonás után, letáncoltuk a felhőket az égről és olyan fergeteges sikert arattunk, hogy a szakadó eső után ráadásképpen még egy orkán erejű taps cunamit is kaptunk!</p>
<p style="text-align: justify">Előadás után még órákkal később is ebben a hangulatban voltunk, amit még zárásképpen egy látványos tűzijáték is kísért! Ott állva a színpadon, felemelő érzés volt látni és hallani, hogy a több ezres tömeg egy emberként énekli a székely himnuszt és állva éljenzi az ExperiDance-t!</p>
<p style="text-align: justify">Rájöttem, a sors a legjobb történetíró, érdemes hát kezébe adni a tollat és bízni a happy endben, na és a Pulitzer díjban!</p>
<p style="text-align: justify"><a href="https://kulissza.cafeblog.hu/files/2014/08/20140824_110447.jpg"><img class="alignnone size-medium wp-image-165" src="https://kulissza.cafeblog.hu/files/2014/08/20140824_110447-300x179.jpg" alt="20140824_110447" width="300" height="179" /></a><a href="https://kulissza.cafeblog.hu/files/2014/08/20140824_120637.jpg"><img class="alignnone size-medium wp-image-166" src="https://kulissza.cafeblog.hu/files/2014/08/20140824_120637-300x179.jpg" alt="20140824_120637" width="300" height="179" /></a><a href="https://kulissza.cafeblog.hu/files/2014/08/20140824_122031.jpg"><img class="alignnone size-medium wp-image-167" src="https://kulissza.cafeblog.hu/files/2014/08/20140824_122031-300x179.jpg" alt="20140824_122031" width="300" height="179" /></a><a href="https://kulissza.cafeblog.hu/files/2014/08/20140824_124218.jpg"><img class="alignnone size-medium wp-image-168" src="https://kulissza.cafeblog.hu/files/2014/08/20140824_124218-300x179.jpg" alt="20140824_124218" width="300" height="179" /></a><a href="https://kulissza.cafeblog.hu/files/2014/08/20140824_205006.jpg"><img class="alignnone size-medium wp-image-170" src="https://kulissza.cafeblog.hu/files/2014/08/20140824_205006-300x179.jpg" alt="20140824_205006" width="300" height="179" /></a><a href="https://kulissza.cafeblog.hu/files/2014/08/20140824_213255.jpg"><img class="alignnone size-medium wp-image-171" src="https://kulissza.cafeblog.hu/files/2014/08/20140824_213255-300x179.jpg" alt="20140824_213255" width="300" height="179" /></a></p>
